 = -2*l**3 - 899*l**2 - 1228*l + 51994. Determine m(-448).
26
Let m(b) = 402*b + 1110. Determine m(-3).
-96
Let b(h) = 3614*h + 36044. Determine b(-10).
-96
Let j(z) = 2*z**3 + 126*z**2 + 121*z - 1557. Calculate j(-62).
-1371
Let y(t) = -t**3 - 893*t**2 + 4524*t - 145. Determine y(5).
25
Let s(c) = 3*c**2 + 2201*c + 86451. Calculate s(-692).
-49
Let d(h) = -6536*h + 2045777. Give d(313).
9
Let j(a) = -224045*a - 672147. Determine j(-3).
-12
Let m(t) = 2*t**3 - 51*t**2 - 65*t - 613. Give m(27).
-181
Let v(c) = 2*c**2 + 537*c - 3891. Give v(7).
-34
Let r(z) = -11*z**2 - 3*z + 360. What is r(7)?
-200
Let x(i) = -40417*i - 767934. Calculate x(-19).
-11
Let j(l) = 720*l - 2710. Determine j(3).
-550
Let u(x) = -54496*x - 544959. Calculate u(-10).
1
Let z(o) = -31*o**2 + 814*o - 789. Calculate z(1).
-6
Let b(n) = 2*n**3 + n**2 - 22397*n - 22398. Give b(-1).
-2
Let g(r) = 23350*r - 1494273. Give g(64).
127
Let v(q) = q**3 - 11*q**2 - 94*q + 811. What is v(8)?
-133
Let h(j) = -j**2 + 31*j + 607372. Give h(-764).
-8
Let o(l) = -2*l**3 + 78*l**2 + 34*l - 554. Determine o(40).
-2394
Let l(d) = 8903*d + 1709346. What is l(-192)?
-30
Let k(t) = -51*t**2 - 1046*t + 3483. Determine k(-23).
562
Let q(b) = -9*b**2 + 4375*b + 17599. Give q(-4).
-45
Let j(c) = -14*c**2 + 1251*c - 8087. Determine j(7).
-16
Let g(x) = -2*x**3 - 2454*x**2 + 2518*x + 76135. Give g(-1228).
-1
Let j(g) = 62*g**2 + 123*g + 12. Give j(-2).
14
Let w(o) = -17275*o + 535521. Determine w(31).
-4
Let v(b) = b**3 - 85*b**2 - 27*b + 9345. Determine v(84).
21
Let w(y) = -7*y**2 - 699*y - 1636. What is w(-99)?
-1042
Let v(g) = -g**2 + 295*g - 15240. Give v(65).
-290
Let l(a) = 1333*a - 8083. Give l(5).
-1418
Let m(u) = -u**3 + 112*u**2 + 180*u - 7581. Determine m(113).
-10
Let g(k) = 112*k + 13668. Give g(-119).
340
Let l(o) = -553*o + 43651. What is l(79)?
-36
Let f(x) = 5*x**2 + 115*x + 124. Give f(-7).
-436
Let o(s) = -7129*s + 328001. Give o(46).
67
Let m(r) = -1891328*r + 15130617. What is m(8)?
-7
Let f(t) = t**3 + 93*t**2 + 1528*t + 163. Calculate f(-19).
-2155
Let u(t) = 127*t + 1876. What is u(-11)?
479
Let n(b) = b**2 - 2324*b + 59780. Give n(26).
32
Let t(x) = x**3 + 35*x**2 + 268*x - 28. Calculate t(-19).
656
Let v(c) = 369*c + 244276. What is v(-662)?
-2
Let s(o) = -8064*o + 2007904. Determine s(249).
-32
Let p(m) = 22*m**3 + 143*m**2 + 159*m - 30. What is p(-5)?
0
Let j(c) = 48*c**2 - 1307. What is j(0)?
-1307
Let x(j) = j**2 - 594*j + 24085. Calculate x(44).
-115
Let k(m) = -m**3 + 49*m**2 - 152*m + 19286. What is k(53)?
-6
Let h(t) = 3*t**3 - 218*t**2 + 167*t - 1394. Give h(72).
262
Let h(p) = 41*p**2 - 168*p + 675. Calculate h(6).
1143
Let u(d) = 250*d**2 + 62500*d - 8. What is u(-250)?
-8
Let h(p) = -52*p**2 + 11923*p - 11926. What is h(1)?
-55
Let j(q) = 440*q - 8006. Give j(22).
1674
Let z(r) = 784*r + 462532. What is z(-590)?
-28
Let o(w) = 4*w**3 - 159*w**2 + 115*w - 6247. What is o(40)?
-47
Let q(b) = b**3 + 274*b**2 + 797*b - 3905. What is q(-271)?
431
Let d(r) = 5*r**2 + 63*r + 305. What is d(-17)?
679
Let q(o) = 933298*o - 2799883. What is q(3)?
11
Let o(h) = -130*h**3 + 142*h**2 - 94*h - 9. Give o(1).
-91
Let y(k) = -4*k**2 + 278*k - 4530. What is y(34)?
298
Let h(y) = 11*y**3 - 14*y**2 + 56*y - 142. Calculate h(7).
3337
Let q(f) = 8*f**3 + 46*f**2 + 66*f + 460. Calculate q(-6).
-8
Let b(s) = 11*s**3 + 42*s**2 + 284*s + 56. Calculate b(-8).
-5160
Let i(x) = 57458*x + 676. Determine i(0).
676
Let r(i) = -i**3 + 284*i**2 - 13104*i - 983. Calculate r(226).
-79
Let k(l) = l**2 + 787*l + 12365. What is k(-16)?
29
Let f(r) = r**3 + 9*r**2 - 1972*r - 15863. Give f(-8).
-23
Let l(x) = 1582*x + 23209. Calculate l(-15).
-521
Let g(z) = 2*z**2 + 118*z - 63468. Determine g(151).
-48
Let z(u) = u**2 - 333*u + 7979. What is z(26)?
-3
Let h(v) = 70*v - 3862. Calculate h(71).
1108
Let a(g) = 22*g**2 + 1387*g - 26. Give a(-63).
-89
Let n(h) = -99*h**2 + 3357*h + 28. Give n(34).
-278
Let r(y) = 6*y**3 - 1714*y**2 - 575*y + 804. What is r(286)?
-54
Let u(s) = 1469*s + 27967. Calculate u(-19).
56
Let m(n) = 4*n**3 - 21*n**2 - 196*n + 871. What is m(5)?
-134
Let u(w) = -637*w + 18504. What is u(29)?
31
Let h(y) = -y**3 - 67*y**2 - 149*y - 268. Calculate h(-65).
967
Let c(r) = -57*r - 5344. Determine c(-98).
242
Let l(k) = -k**3 - 110*k**2 - 102*k + 892. Give l(-109).
129
Let a(h) = 2360*h - 2352. What is a(1)?
8
Let y(w) = 33*w**2 + 10077*w - 110924. What is y(-316)?
-8
Let o(g) = 4*g**2 + 984*g - 84. Determine o(-246).
-84
Let o(t) = -144*t**2 + 7051*t + 262. What is o(49)?
17
Let m(a) = a**3 + 292*a**2 + 290*a - 306. Calculate m(-291).
-15
Let b(w) = -w**3 + 95*w**2 - 276*w - 139. Give b(92).
-139
Let w(v) = -v**3 + 109*v**2 - 1911*v - 255. What is w(87)?
6
Let i(o) = -o**3 - 876*o**2 + 15192*o + 9795. Determine i(-893).
-28
Let v(l) = -138*l**3 + 4*l**2 + 97*l - 209. Give v(2).
-1103
Let b(r) = -21*r**2 - 157. Give b(-9).
-1858
Let u(o) = o**2 - 100*o + 1217. Determine u(35).
-1058
Let z(k) = -2*k**3 + 349*k**2 - 746*k + 85. Determine z(2).
-27
Let f(h) = h**3 + 35*h**2 + 63*h + 99. Calculate f(-34).
-887
Let b(t) = 1744515*t - 19189666. Determine b(11).
-1
Let g(s) = -14337*s + 3871003. Give g(270).
13
Let u(m) = 17634*m + 88157. Give u(-5).
-13
Let m(f) = 5344*f - 614666. Determine m(115).
-106
Let z(w) = w**3 + 100*w**2 + 3876*w + 387600. Determine z(-100).
0
Let n(u) = -u**3 - 267*u**2 - 5192*u - 6390. What is n(-246)?
6
Let o(n) = -146765*n - 587058. Determine o(-4).
2
Let m(d) = 80*d + 13486. Determine m(-134).
2766
Let i(x) = -5290*x - 95156. Give i(-18).
64
Let c(a) = a**2 + 3419*a - 4803231. Determine c(1070).
-1
Let x(b) = -11*b**3 - 312*b**2 - 142*b - 1355. Determine x(-28).
-515
Let y(r) = -780*r - 184087. What is y(-236)?
-7
Let h(w) = -126*w**2 - 41973*w - 46813. Give h(-332).
-1
Let h(x) = -532*x**2 + 204819*x + 380. Give h(385).
-5
Let r(f) = 4*f**3 + 10*f**2 - 121*f + 29. What is r(-7)?
-6
Let d(n) = -483*n**2 - 6281*n - 32. Calculate d(-13).
-6
Let l(x) = -624*x + 14634. Calculate l(12).
7146
Let g(a) = a**2 + 3610*a - 231474. Give g(63).
-75
Let b(h) = 11*h**3 + 1504*h**2 - 1996*h - 8838. Give b(-138).
-6
Let q(n) = n**3 - 8*n**2 - 121*n - 119. What is q(12)?
-995
Let s(u) = -14032*u - 84246. Give s(-6).
-54
Let b(m) = -m**3 + 11*m**2 + 4348*m - 15252. Calculate b(70).
8
Let x(g) = g**2 - 5519*g + 758293. Give x(141).
-5
Let j(b) = -b**3 + 214*b**2 + 295*b + 29594. Give j(216).
2
Let s(c) = -5*c**2 - 112*c + 111. Determine s(-32).
-1425
Let k(b) = b**3 - 68*b**2 - 105*b + 23104. Calculate k(64).
0
Let o(m) = 41*m**3 - m**2 + 6*m + 78. What is o(5)?
5208
Let a(b) = -128145*b + 1025165. What is a(8)?
5
Let v(c) = -1328*c**2 - 7738*c + 1376. Give v(-6).
-4
Let c(p) = -44*p**2 - 34751*p + 7097. Determine c(-790).
-13
Let k(s) = -s**2 + 3665*s + 58856. Calculate k(-16).
-40
Let g(n) = -n**3 + 20*n**2 - 40*n + 1564. Determine g(25).
-2561
Let m(h) = 40*h**3 + 152*h**2 - 44*h - 63. Calculate m(-4).
-15
Let q(k) = -8*k**2 + 1049*k - 15612. Give q(114).
6
Let a(p) = -4*p**3 + 6*p**2 - 18*p + 33. What is a(5)?
-407
Let f(c) = c**2 - 546*c + 11036. What is f(21)?
11
Let a(n) = 10*n - 858. Determine a(-33).
-1188
Let v(i) = 45*i - 2606. Give v(60).
94
Let z(v) = -v**3 + 1475*v**2 + 18*v + 7. What is z(0)?
7
Let u(p) = 2*p**3 - 364*p**2 + 5009*p + 11. Determine u(15).
-4
Let y(p) = p**2 + 442*p + 44408. Calculate y(-135).
2963
Let j(l) = l**3 - 100*l**2 + 289*l + 328. Calculate j(97).
134
Let x(b) = 5*b**2 + 345*b - 3067. What is x(8)?
13
Let d(g) = 448*g**2 - 104*g + 218. Calculate d(2).
1802
Let x(g) = 142*g + 11643. Determine x(-82).
-1
Let v(u) = u**2 - 485*u - 62503. Calculate v(-108).
1541
Let h(t) = -250*t**2 - 6229*t - 5435. Determine h(-24).
61
Let y(k) = -37917*k + 1137476. Determine y(30).
-34
Let s(j) = -j**2 + 216*j + 1295. Calculate s(-6).
-37
Let o(t) = t**2 - 182*t - 10600. Calculate o(232).
1000
Let p(b) = -73*b**2 + 724*b + 16. Calculate p(10).
-44
Let n(a) = -5*a**3 + 29*a**2 + 6*a + 65. Determine n(7).
-187
Let o(j) = 2*j**2 + 170*j - 18801. Calculate o(-140).
-3401
Let r(f) = -20*f**2 + 853*f + 249. Calculate r(43).
-52
Let z(q) = 362*q**2 + 199*q + 26. Give z(-4).
5022
Let c(f) = 4*f**3 - 63*f**2 + 131*f + 864. Give c(10).
-126
Let y(z) = -4*z**3 - 15*z**